Dec 02 23:32:22.862 INFO testing owasm-std-0.13.0 against master#8940af3cea4a9a9deabcaf843b2f8cad9a83fc61 for beta-1.31-5
Dec 02 23:32:22.862 INFO running `"docker" "create" "-v" "/mnt/big/crater/work/local/target-dirs/beta-1.31-5/worker-3/master#8940af3cea4a9a9deabcaf843b2f8cad9a83fc61:/target:rw,Z" "-v" "/mnt/big/crater/work/local/test-source/worker-3/beta-1.31-5/master#8940af3cea4a9a9deabcaf843b2f8cad9a83fc61:/source:ro,Z" "-v" "/mnt/big/crater/work/local/cargo-home:/cargo-home:ro,Z" "-v" "/mnt/big/crater/work/local/rustup-home:/rustup-home:ro,Z" "-e" "USER_ID=1000" "-e" "SOURCE_DIR=/source" "-e" "USER_ID=1000" "-e" "CMD=cargo +8940af3cea4a9a9deabcaf843b2f8cad9a83fc61-alt build --frozen" "-e" "CARGO_TARGET_DIR=/target" "-e" "CARGO_INCREMENTAL=0" "-e" "RUST_BACKTRACE=full" "-e" "RUSTFLAGS=--cap-lints=warn" "-e" "CARGO_HOME=/cargo-home" "-e" "RUSTUP_HOME=/rustup-home" "-m" "1536M" "--network" "none" "crater"`
Dec 02 23:32:23.229 INFO [stdout] a8c5640f004a9d8b1e467bebc415aaaa63c2fea4f13b1b93880ffa369e08d056
Dec 02 23:32:23.232 INFO running `"docker" "start" "-a" "a8c5640f004a9d8b1e467bebc415aaaa63c2fea4f13b1b93880ffa369e08d056"`
Dec 02 23:32:24.342 INFO [stderr] usermod: no changes
Dec 02 23:32:24.475 INFO [stderr]    Compiling rustc-hex v2.0.1
Dec 02 23:32:24.832 INFO [stderr]    Compiling uint v0.3.0
Dec 02 23:32:37.319 INFO [stderr]    Compiling parity-hash v1.2.2
Dec 02 23:32:38.603 INFO [stderr]    Compiling owasm-std v0.13.0 (/source)
Dec 02 23:32:38.959 INFO [stderr] error[E0554]: #![feature] may not be used on the beta release channel
Dec 02 23:32:38.960 INFO [stderr]  --> src/lib.rs:5:1
Dec 02 23:32:38.960 INFO [stderr]   |
Dec 02 23:32:38.960 INFO [stderr] 5 | #![feature(lang_items)]
Dec 02 23:32:38.960 INFO [stderr]   | ^^^^^^^^^^^^^^^^^^^^^^^
Dec 02 23:32:38.960 INFO [stderr] 
Dec 02 23:32:38.960 INFO [stderr] error[E0554]: #![feature] may not be used on the beta release channel
Dec 02 23:32:38.960 INFO [stderr]  --> src/lib.rs:6:1
Dec 02 23:32:38.960 INFO [stderr]   |
Dec 02 23:32:38.960 INFO [stderr] 6 | #![feature(link_args)]
Dec 02 23:32:38.961 INFO [stderr]   | ^^^^^^^^^^^^^^^^^^^^^^
Dec 02 23:32:38.961 INFO [stderr] 
Dec 02 23:32:38.961 INFO [stderr] error[E0554]: #![feature] may not be used on the beta release channel
Dec 02 23:32:38.961 INFO [stderr]  --> src/lib.rs:7:1
Dec 02 23:32:38.961 INFO [stderr]   |
Dec 02 23:32:38.961 INFO [stderr] 7 | #![feature(alloc)]
Dec 02 23:32:38.961 INFO [stderr]   | ^^^^^^^^^^^^^^^^^^
Dec 02 23:32:38.961 INFO [stderr] 
Dec 02 23:32:38.961 INFO [stderr] error[E0554]: #![feature] may not be used on the beta release channel
Dec 02 23:32:38.961 INFO [stderr]  --> src/lib.rs:8:1
Dec 02 23:32:38.961 INFO [stderr]   |
Dec 02 23:32:38.961 INFO [stderr] 8 | #![feature(core_intrinsics)]
Dec 02 23:32:38.961 INFO [stderr]   | ^^^^^^^^^^^^^^^^^^^^^^^^^^^^
Dec 02 23:32:38.961 INFO [stderr] 
Dec 02 23:32:38.961 INFO [stderr] error[E0554]: #![feature] may not be used on the beta release channel
Dec 02 23:32:38.961 INFO [stderr]  --> src/lib.rs:9:1
Dec 02 23:32:38.961 INFO [stderr]   |
Dec 02 23:32:38.961 INFO [stderr] 9 | #![feature(panic_info_message)]
Dec 02 23:32:38.961 INFO [stderr]   | ^^^^^^^^^^^^^^^^^^^^^^^^^^^^^^^
Dec 02 23:32:38.961 INFO [stderr] 
Dec 02 23:32:38.961 INFO [stderr] error: aborting due to 5 previous errors
Dec 02 23:32:38.961 INFO [stderr] 
Dec 02 23:32:38.961 INFO [stderr] For more information about this error, try `rustc --explain E0554`.
Dec 02 23:32:38.961 INFO [stderr] error: Could not compile `owasm-std`.
Dec 02 23:32:38.961 INFO [stderr] 
Dec 02 23:32:38.961 INFO [stderr] To learn more, run the command again with --verbose.
Dec 02 23:32:38.963 INFO [stderr] su: No module specific data is present
Dec 02 23:32:39.784 INFO running `"docker" "inspect" "a8c5640f004a9d8b1e467bebc415aaaa63c2fea4f13b1b93880ffa369e08d056"`
Dec 02 23:32:40.045 INFO running `"docker" "rm" "-f" "a8c5640f004a9d8b1e467bebc415aaaa63c2fea4f13b1b93880ffa369e08d056"`
Dec 02 23:32:40.295 INFO [stdout] a8c5640f004a9d8b1e467bebc415aaaa63c2fea4f13b1b93880ffa369e08d056
